 p(f) = 6*f**3 - 11*f**2 - 3*f - 9. Let s(l) = l**3 - l + 1. Let k(c) = p(c) - 5*s(c). List the prime factors of k(o).
2
Let x(d) = 11*d + 10. What are the prime factors of x(9)?
109
Let c = 6 + -6. Suppose c = -2*k - 0*t + 4*t - 4, 4*k = 5*t + 4. What are the prime factors of k?
2, 3
Suppose 3*p + 2*p - 4*r - 114 = 0, -p + 18 = -2*r. List the prime factors of p.
2, 13
Let b = -169 + 304. List the prime factors of b.
3, 5
Let r = -127 - -181. What are the prime factors of r?
2, 3
Let f(g) = -9*g - 4 - 3*g + 3*g - 3*g. What are the prime factors of f(-3)?
2
Let m(c) = 5 - 5 + 12*c. Let u be m(-1). What are the prime factors of u*(4/6)/(-1)?
2
Let i(s) = s**3 - 9*s**2 + s - 8. Let r be i(9). Let c(x) = r - 2 + 3*x - 4. What are the prime factors of c(5)?
2, 5
What are the prime factors of 13*(-68)/(-10) + 6/(-15)?
2, 11
Suppose -5*a + 5*d + 1720 = 0, -d + 34 + 1018 = 3*a. List the prime factors of a.
349
Let l be ((-3)/(-2))/((-2)/(-8)). Let m be ((-6)/(-10))/(l/(-30)). Let o = -1 - m. List the prime factors of o.
2
Let b = 5 - 4. Suppose -j = -9 - b. List the prime factors of j.
2, 5
Let b(f) = -3*f**3 + f**2 - f + 2. Let o be b(-2). Suppose 2*s - o = -4. What are the prime factors of s?
2, 7
Suppose 5*r - 1 = 3*y + 24, -2*r - 3*y + 10 = 0. Suppose r*c + 3*u - 4*u = 164, 0 = -4*c - 4*u + 112. What are the prime factors of c?
2
Let k = -5 + 7. Let x(u) = u - 4. Let f be x(6). Suppose f*d = 4 + k. List the prime factors of d.
3
Suppose -10 + 0 = -5*l. What are the prime factors of 4/(-4) - (l - 10)?
7
Let b(p) = -6*p**3 - 3*p**2 + 1. List the prime factors of b(-2).
37
Suppose -4*r = -3*r - 3. Let g be 113/r - (-2)/6. What are the prime factors of 2/(-9) - g/(-9)?
2
List the prime factors of (4 + -5)*(-17 - 0).
17
Let u = 3 - 0. Suppose 2*x - 6*x = -n + 32, -u*x - 15 = 0. What are the prime factors of n?
2, 3
Let u(m) be the first derivative of m**4/4 + 2*m**3 + 2*m**2 + 2*m - 4. Let f be u(-2). Suppose 4*a - f - 26 = 0. List the prime factors of a.
3
Let l(m) = -22*m + 3. What are the prime factors of l(-6)?
3, 5
Suppose -2*p - 36 = -3*p. Suppose -3 = 3*k + 6, 5*y + k - 162 = 0. Suppose -4*t - y = -3*j, 2*j - 5*t + 14 = p. What are the prime factors of j?
11
Suppose 0 = 2*s - s - 4. Suppose s*p + k - 208 = -3*k, 2*p + k - 105 = 0. Let n = -37 + p. List the prime factors of n.
2
Suppose -l - 70 = -5*p, 2*p - l + 35 = 4*p. Let y = p + -11. Let o = 1 + y. List the prime factors of o.
5
Let x(p) = -p**3 - 3*p**2 - 7*p - 1. Let d be x(-5). Suppose -3*n - 4*f + 56 = 0, 7*n = 2*n - 2*f + d. What are the prime factors of n?
2
Let a be 1*((-2)/1 + 59). Suppose u - a = -2*u. List the prime factors of u.
19
Let z be 2*2*(-9)/(-12). Suppose p + 5*c = z*p + 26, 0 = -5*p + 3*c - 46. Let u = 18 + p. What are the prime factors of u?
2, 5
Let d = -2 - 6. Let u(c) = 3*c**3 - 5*c**2 - 6 - c**2 - 10*c - 4*c**3 - 3*c**2. What are the prime factors of u(d)?
2, 5
Let m be 1*(-3)/2*-2. What are the prime factors of ((-9)/6)/(m/(-20))?
2, 5
Let l = -36 - -56. Suppose 5*o + l = 0, -2*o - 7 = -2*v + 29. What are the prime factors of v?
2, 7
Let j(y) = -y**2 - 11*y + 7. What are the prime factors of j(-9)?
5
Suppose -28 = -6*u + 4*u. Let d = 36 - u. What are the prime factors of d?
2, 11
Let w(b) = 2*b + 36. What are the prime factors of w(-15)?
2, 3
Let s(t) = 4*t**2 + 4*t + 3. Let o be s(-2). Let a(i) = i - 1. List the prime factors of a(o).
2, 5
Suppose -k = 3*k - 28. What are the prime factors of k?
7
Suppose 25 - 89 = -3*c + 4*v, 0 = 5*v - 25. What are the prime factors of c?
2, 7
Suppose -5*x - 3*q = -75, 2*x + 2*q - 3*q - 41 = 0. List the prime factors of x.
2, 3
Let a(u) = 5*u**2 + 2*u - 1. Let r be (8/(-6))/(4/(-6)). Suppose 4*z - 2 = r. List the prime factors of a(z).
2, 3
Suppose -i + 50 = 20. List the prime factors of i.
2, 3, 5
Let g = 15 - 6. Suppose 2*f = 3*f - g. List the prime factors of f.
3
List the prime factors of (-46)/3*(20 - 17)*-1.
2, 23
Suppose 2*h = -2 + 12. Suppose -h*c + 145 = -120. What are the prime factors of c?
53
Let l be (-3)/((-2)/(24/9)). Suppose l*y - 19 = 4*q - 7*q, -4*q + 25 = 5*y. What are the prime factors of (q - 2)*8/6?
2
Let w(r) = -7*r - 15. Let v be (-1 - -10)*12/(-18). What are the prime factors of w(v)?
3
Let u(f) = 41*f - 1. What are the prime factors of u(1)?
2, 5
Suppose 0 = h - i + 3, 0 = -4*h + h - 4*i + 12. What are the prime factors of 10 + 3 - (h + 1)?
2, 3
Let i = -7 - -13. Let d(u) = -u + 3. Let z be d(i). Let p(s) = s**3 + 4*s**2 - 3. List the prime factors of p(z).
2, 3
Suppose -2*w + 1 + 7 = 0. Let y = w - 8. What are the prime factors of (0 + -2)*10/y?
5
List the prime factors of -1*7*(4 - 19).
3, 5, 7
Let z(u) = -u**2 + 25*u + 9. List the prime factors of z(11).
163
Let c be (-2 - -5) + 13 + 2. Suppose -a = -4*w - 2*a + c, 2*w + 3*a = 4. What are the prime factors of w?
5
Let d(f) = -2*f + 13. Let u be d(9). Let g = u + 9. List the prime factors of g/14 + (-47)/(-7).
7
Let a(f) = -2*f + 3. Let r be a(-2). List the prime factors of 4*((-1204)/(-16))/r.
43
Let c be ((-10)/(-30))/((-1)/(-3)). List the prime factors of c/1 - (-12 + 4).
3
Let h = 42 - 21. Let f = -8 + h. Suppose f = 2*q - 13. List the prime factors of q.
13
Suppose 5*o - 2*z = -37 + 1, o = 4*z - 18. Let c(n) = -5*n - 1. List the prime factors of c(o).
29
Let w(m) be the second derivative of m**5/20 - 7*m**4/12 - 4*m**3/3 + 5*m**2 + 2*m. Let b(h) = h**2 - 10*h + 8. Let j be b(10). List the prime factors of w(j).
2, 5
Suppose -5*y = -3*y - 68. Let m = -7 + y. What are the prime factors of m?
3
Let c be (16/(-5))/(4/(-30)). Suppose -3 = -j + c. What are the prime factors of j?
3
Let s = -17 + 34. List the prime factors of s.
17
Let a(j) = -2*j - 6. Let p be a(-5). Suppose 70 - p = 2*u. What are the prime factors of u?
3, 11
Let x(g) = -2*g**2 - 9*g - 1. Let o(i) = -i**2 - 5*i - 1. Let j(l) = -5*o(l) + 3*x(l). Let z be j(-5). Let r = 25 + z. What are the prime factors of r?
2, 3
Let x be 3 + 1 + 0 + -16. Let y = 7 - x. List the prime factors of y.
19
Let l = -410 - -587. List the prime factors of l.
3, 59
Suppose 0 = 3*b - b - 6. What are the prime factors of b?
3
Let t(b) = b**3 - 7*b**2 + 6*b. Let h be t(6). Suppose 5*j = 25 + 20. Suppose h = -2*f + 11 + j. List the prime factors of f.
2, 5
Let p(l) = -l. Let w be p(-4). Let d(q) = -35*q - 2. Let z be d(-2). Suppose w*h - z = -4*a, -3*a + 35 = 4*h - 12. What are the prime factors of a?
3, 7
Let s(p) = p**2 - p + 2. Let y be (-1 - -2)/(6/12). What are the prime factors of s(y)?
2
Suppose -3*k + 27 = 3*y, 3*k - 4*k - 5*y + 1 = 0. Let z = k - 7. Suppose 5*u - 47 = z*a, a + 5 = u - 2*a. List the prime factors of u.
11
Suppose -2*n = -28 + 8. Let q(z) = z**2 + 18*z - 39. Let l be q(-21). Let i = l - n. List the prime factors of i.
2, 7
Let u be 114/24 - (-2)/8. Let w = 3 - u. Let h = w - -8. What are the prime factors of h?
2, 3
Suppose -3*n - 4 = -l + 2*n, 0 = 5*l + 2*n + 34. Let i be 20*((-15)/l - 2). Let r(b) = -b + 13. What are the prime factors of r(i)?
3
Suppose x + 2*g + 2 = 3*x, 4*g + 16 = -2*x. Let l = 5 + x. List the prime factors of l.
3
Suppose 3*d - 4*d + 4 = 0. Suppose -d*s - s = -210. List the prime factors of (-1)/6 - (-175)/s.
2
Suppose 6*h - h = 0. Suppose 0 = -h*r + 4*r - 36. What are the prime factors of r?
3
Let u(q) = 11*q - 6. Let s be u(6). Suppose -s = -5*j + 2*j. List the prime factors of j.
2, 5
Let u(n) = 17*n**3 - n**2 + 7*n + 5. Let y(q) = -q - 1. Let c(v) = u(v) + 6*y(v). What are the prime factors of c(1)?
2
List the prime factors of 1/(5 + -4) - 1*-195.
2, 7
Suppose 4*w = 5 + 3. Let x be (w + -4)/2 + 6. Suppose -x*g = -18 - 32. What are the prime factors of g?
2, 5
Let k be -5*(-1 + (-4 - -1)). List the prime factors of (-4)/k + 204/20.
2, 5
Suppose -4*b + 329 = -7. What are the prime factors of b?
2, 3, 7
What are the prime factors of (-1 - (2 + -1 + 64))*-1?
2, 3, 11
Let f(n) = 81*n - 24. What are the prime factors of f(5)?
3, 127
Suppose 4*j = 3 + 1. Let p(l) = l**2 - 5*l + 1. Let t be p(6). Let m = t + j. What are the prime factors of m?
2
Let d(g) = g**2 - 5*g + 6. Let m be d(6). List the prime factors of -4*(315/m)/(-5).
3, 7
Let z(c) = -c + 16. Suppose -t - 26 = w - 4*w, w - t - 12 = 0. What are the prime factors of z(w)?
3
Let l(k) = -k**3 - 13*k**2 - 15*k - 1